{"id":18,"date":"2023-12-08T16:10:00","date_gmt":"2023-12-08T16:10:00","guid":{"rendered":"https:\/\/flensburg.fau.org\/?page_id=18"},"modified":"2023-12-08T16:10:00","modified_gmt":"2023-12-08T16:10:00","slug":"consiliere-sindicala","status":"publish","type":"page","link":"https:\/\/flensburg.fau.org\/?page_id=18","title":{"rendered":"Consiliere sindical\u0103"},"content":{"rendered":"\n<p>Probleme la locul de munc\u0103 sau cu autorit\u0103\u021bile? Nu prime\u0219ti salariul care \u021bi se cuvine sau trebuie s\u0103 lucrezi mereu ore suplimentare? \u0218eful t\u0103u te streseaz\u0103, programul de lucru se schimb\u0103 mereu? Nu mai accepta! Putem s\u0103 ne g\u00e2ndim \u00eempreun\u0103 ce po\u021bi face. Care sunt cerin\u021bele tale \u0219i ce po\u021bi face ca s\u0103 fie \u00eendeplinite? Po\u021bi s\u0103-\u021bi une\u0219ti for\u021bele cu al\u021bii? Vrei solidaritatea sindicatului de baz\u0103 FAU?<\/p>\n\n\n\n<p>Consilierea este oferit\u0103 \u00een mod voluntar \u0219i este absolut gratuit\u0103. Nu este o consiliere juridic\u0103! Nu suntem avoca\u021bi. \u00cencerc\u0103m s\u0103 \u00een\u021belegem situa\u021bia \u0219i s\u0103 discut\u0103m cum se poate proceda. Dac\u0103 ne lipsesc informa\u021bii putem s\u0103 ne interes\u0103m \u00eempreun\u0103 sau te putem \u00eendruma c\u0103tre birouri de consiliere profesionale. P\u00e2n\u0103 la urm\u0103 doar tu decizi ce m\u0103suri vrei s\u0103 iei sau nu.<\/p>\n\n\n\n<p>A\u0219a c\u0103 nu ezita s\u0103 ne scrii un email c\u0103tre: <a href=\"mailto:faufl6@fau.org\">faufl6@fau.org<\/a> ! Cel mai bine ar fi s\u0103 ne scrii pe scurt despre ce este vorba \u0219i dac\u0103 ne dai un num\u0103r de telefon te sun\u0103m cu pl\u0103cere. Nu trebuie s\u0103 r\u0103m\u00e2i singur cu problema ta!<\/p>\n","protected":false},"excerpt":{"rendered":"<p>Probleme la locul de munc\u0103 sau cu autorit\u0103\u021bile? Nu prime\u0219ti salariul care \u021bi se cuvine sau trebuie s\u0103 lucrezi mereu<\/p>\n","protected":false},"author":1,"featured_media":0,"parent":0,"menu_order":0,"comment_status":"closed","ping_status":"closed","template":"","meta":{"footnotes":""},"class_list":["post-18","page","type-page","status-publish","hentry"],"_links":{"self":[{"href":"https:\/\/flensburg.fau.org\/index.php?rest_route=\/wp\/v2\/pages\/18","targetHints":{"allow":["GET"]}}],"collection":[{"href":"https:\/\/flensburg.fau.org\/index.php?rest_route=\/wp\/v2\/pages"}],"about":[{"href":"https:\/\/flensburg.fau.org\/index.php?rest_route=\/wp\/v2\/types\/page"}],"author":[{"embeddable":true,"href":"https:\/\/flensburg.fau.org\/index.php?rest_route=\/wp\/v2\/users\/1"}],"replies":[{"embeddable":true,"href":"https:\/\/flensburg.fau.org\/index.php?rest_route=%2Fwp%2Fv2%2Fcomments&post=18"}],"version-history":[{"count":1,"href":"https:\/\/flensburg.fau.org\/index.php?rest_route=\/wp\/v2\/pages\/18\/revisions"}],"predecessor-version":[{"id":19,"href":"https:\/\/flensburg.fau.org\/index.php?rest_route=\/wp\/v2\/pages\/18\/revisions\/19"}],"wp:attachment":[{"href":"https:\/\/flensburg.fau.org\/index.php?rest_route=%2Fwp%2Fv2%2Fmedia&parent=18"}],"curies":[{"name":"wp","href":"https:\/\/api.w.org\/{rel}","templated":true}]}}